{"id":823,"date":"2019-02-12T12:48:32","date_gmt":"2019-02-12T11:48:32","guid":{"rendered":"http:\/\/www.saxo.pl\/?page_id=823"},"modified":"2020-10-01T10:41:38","modified_gmt":"2020-10-01T08:41:38","slug":"otozegarki-pl","status":"publish","type":"page","link":"https:\/\/www.saxo.pl\/index.php\/otozegarki-pl\/","title":{"rendered":"otozegarki.pl"},"content":{"rendered":"<figure>\n\t\t\t\t\t\t\t\t\t\t\t<a href=\"https:\/\/www.otozegarki.pl\"><br \/>\n\t\t\t\t\t\t\t<img decoding=\"async\" width=\"807\" height=\"571\" src=\"https:\/\/www.saxo.pl\/wp-content\/uploads\/2019\/02\/otozegarki.jpg\" alt=\"\" loading=\"lazy\" srcset=\"https:\/\/www.saxo.pl\/wp-content\/uploads\/2019\/02\/otozegarki.jpg 807w, https:\/\/www.saxo.pl\/wp-content\/uploads\/2019\/02\/otozegarki-300x212.jpg 300w, https:\/\/www.saxo.pl\/wp-content\/uploads\/2019\/02\/otozegarki-768x543.jpg 768w\" sizes=\"(max-width: 807px) 100vw, 807px\" \/>\t\t\t\t\t\t\t\t<\/a><figcaption>www.otozegarki.pl<\/figcaption><\/figure>\n<p>Internetowy sklep <b>z zegarkami<\/b> www.OTOZEGARKI.pl to kilkana\u015bcie lat do\u015bwiadcze\u0144 w handlu bi\u017cuteri\u0105, tanimi i drogimi zegarkami oraz urz\u0105dzeniami elektronicznymi, przeniesione z sukcesem na pole Internetu. Jeste\u015bmy fili\u0105 4 sklep\u00f3w usytuowanych w Galeriach Handlowych na \u015al\u0105sku.\u00a0 <b>Do\u015bwiadczenie <\/b>w bran\u017cy zegarmistrzowskiej oraz profesjonalizm \u015bwiadczonych us\u0142ug sprawiaj\u0105, \u017ce grono naszych Klient\u00f3w z dnia na dzie\u0144 powi\u0119ksza si\u0119.<\/p>\n<p>W sk\u0142ad asortymentu wchodz\u0105 <b>oryginalne zegarki <\/b>bezpo\u015brednio pochodz\u0105ce od producent\u00f3w. Ze znanych, dost\u0119pnych marek, proponuj\u0105cych <b>tanie zegarki <\/b>posiadamy w ofercie <b>Casio<\/b>, Timexa, Lorusa, a z firm oferuj\u0105cych drogie zegarki znajdziecie Pa\u0144stwo u nas marki Doxa, Seiko, Atlantic, czy najmodniejszych producent\u00f3w, jak Fossil, Diesel, Cluse, <b>Daniel Wellington <\/b>czy <b>Michael<\/b> <b>Kors<\/b>.\u00a0 Naszym klientom gwarantujemy najni\u017csze ceny za najwy\u017csz\u0105 jako\u015b\u0107 oraz profesjonalizm. W ofercie naszego internetowego sklepu z zegarkami znajdziecie Pa\u0144stwo szerok\u0105 gam\u0119 tanich i drogich zegark\u00f3w, znanej, markowej bi\u017cuterii i dodatk\u00f3w.\u00a0 Naszym priorytetem jest satysfakcja Klient\u00f3w &#8211; dlatego dbaj\u0105c o podnoszenie jako\u015bci naszych us\u0142ug nie zapominamy o obni\u017caniu cen oraz stwarzaniu dogodnych warunk\u00f3w zakupu, dlatego nie zwlekaj &#8211; wszystkie zakupione towary b\u0142yskawicznie wysy\u0142amy kurierem, dostawa w 24 godziny.<\/p>\n<p>Nasz internetowy sklep z zegarkami zdobywa co roku wyr\u00f3\u017cnienia w Rankingu Sklep\u00f3w Internetowych.<br \/>Zapraszamy tak\u017ce do zapoznania si\u0119 z opiniami Klient\u00f3w kupuj\u0105cych na naszych aukcjach Allegro:\u00a0<a style=\"font-size: 14px; background-color: #ffffff;\" href=\"https:\/\/allegro.pl\/uzytkownik\/22449058\/oceny\" target=\"_blank\" rel=\"noopener noreferrer\">otozegarki_pl<\/a><\/p>\n<p>\t\t\t\t\t\t\t<a href=\"https:\/\/www.facebook.com\/otozegarki\/\" target=\"_blank\" rel=\"noopener noreferrer\"><br \/>\n\t\t\t\t\tFacebook<br \/>\n\t\t\t\t\t\t\t\t\t<\/a><br \/>\n\t\t\t\t\t\t\t<a href=\"https:\/\/www.instagram.com\/otozegarki\/\" target=\"_blank\" rel=\"noopener noreferrer\"><br \/>\n\t\t\t\t\tInstagram<br \/>\n\t\t\t\t\t\t\t\t\t<\/a><br \/>\n\t\t\t\t\t\t\t<a href=\"https:\/\/www.youtube.com\/channel\/UCWF5mUKXzVPpcpuJ1Jv42iA\" target=\"_blank\" rel=\"noopener noreferrer\"><br \/>\n\t\t\t\t\tYoutube<br \/>\n\t\t\t\t\t\t\t\t\t<\/a><br \/>\n\t\t\t\t\t\t\t<a href=\"https:\/\/pl.pinterest.com\/otozegarki\/\" target=\"_blank\" rel=\"noopener noreferrer\"><br \/>\n\t\t\t\t\tPinterest<br \/>\n\t\t\t\t\t\t\t\t\t<\/a><\/p>\n<p><b>Dane adresowe:<br \/><\/b>Saxo Group sp. z o.o. sp.k.<br \/>ul. Pszczy\u0144ska 202A<br \/>44-100 GLIWICE<br \/>NIP : 631 21 66 831<br \/>REGON : 273775927<br \/><b>Numer konta:<br \/><\/b>Santander 33 1090 1766 0000 0001 3079 7858<\/p>\n<h2>Oceny naszych klient\u00f3w<\/h2>\n<p>\t\t\t\t\t\t\tOcena<br \/>\n\t\t\t\t\t\t<i>&#xE934;<\/i><i>&#xE934;<\/i><i>&#xE934;<\/i><i>&#xE934;<\/i><i>&#xE934;<\/i> 5\/5\t\t<\/p>\n<p style=\"text-align: left;\">Udane zakupy, zegarek jest piekny:) wszystko oryginalne, W komplecie podbita gwarancj\u0105 i oryginalne pude\u0142ko Tommy Hilfiger. Jestem baaaaaardzo zadowolona<\/p>\n<p>\t\t\t\t\t\t\tOcena<br \/>\n\t\t\t\t\t\t<i>&#xE934;<\/i><i>&#xE934;<\/i><i>&#xE934;<\/i><i>&#xE934;<\/i><i>&#xE934;<\/i> 5\/5\t\t<\/p>\n<p>Jestem bardzo zadowolona z zakupu, by\u0142 to prezent i dotar\u0142 do mnie ju\u017c na nast\u0119pny dzie\u0144 mimo przed\u015bwi\u0105tecznego ruchu. Dobra cena i pomocna obs\u0142uga, z pewno\u015bci\u0105 wr\u00f3c\u0119 Do Otozegarki<\/p>\n<p>\t\t\t\t\t\t\tOcena<br \/>\n\t\t\t\t\t\t<i>&#xE934;<\/i><i>&#xE934;<\/i><i>&#xE934;<\/i><i>&#xE934;<\/i><i>&#xE934;<\/i> 5\/5\t\t<\/p>\n<p>Zam\u00f3wienie zrealizowane szybko, pomimo okresu przed\u015bwi\u0105tecznego. O wszystkim by\u0142am informowana, r\u00f3wnie\u017c telefonicznie. Jestem zadowolona z zakup\u00f3w w tym sklepie.<\/p>\n","protected":false},"excerpt":{"rendered":"<p>www.otozegarki.pl Internetowy sklep z zegarkami www.OTOZEGARKI.pl to kilkana\u015bcie lat do\u015bwiadcze\u0144 w handlu bi\u017cuteri\u0105, tanimi i drogimi zegarkami oraz urz\u0105dzeniami elektronicznymi, przeniesione z sukcesem na pole Internetu. Jeste\u015bmy fili\u0105 4 sklep\u00f3w usytuowanych w Galeriach Handlowych na \u015al\u0105sku.\u00a0 Do\u015bwiadczenie w bran\u017cy zegarmistrzowskiej oraz profesjonalizm \u015bwiadczonych us\u0142ug sprawiaj\u0105, \u017ce grono naszych Klient\u00f3w z dnia na dzie\u0144 powi\u0119ksza si\u0119. [&hellip;]<\/p>\n","protected":false},"author":1,"featured_media":0,"parent":0,"menu_order":0,"comment_status":"closed","ping_status":"closed","template":"","meta":{"advanced_seo_description":"","jetpack_seo_html_title":"","jetpack_seo_noindex":false,"ocean_post_layout":"","ocean_both_sidebars_style":"","ocean_both_sidebars_content_width":0,"ocean_both_sidebars_sidebars_width":0,"ocean_sidebar":"0","ocean_second_sidebar":"0","ocean_disable_margins":"enable","ocean_add_body_class":"","ocean_shortcode_before_top_bar":"","ocean_shortcode_after_top_bar":"","ocean_shortcode_before_header":"","ocean_shortcode_after_header":"","ocean_has_shortcode":"","ocean_shortcode_after_title":"","ocean_shortcode_before_footer_widgets":"","ocean_shortcode_after_footer_widgets":"","ocean_shortcode_before_footer_bottom":"","ocean_shortcode_after_footer_bottom":"","ocean_display_top_bar":"default","ocean_display_header":"default","ocean_header_style":"","ocean_center_header_left_menu":"0","ocean_custom_header_template":"0","ocean_custom_logo":0,"ocean_custom_retina_logo":0,"ocean_custom_logo_max_width":0,"ocean_custom_logo_tablet_max_width":0,"ocean_custom_logo_mobile_max_width":0,"ocean_custom_logo_max_height":0,"ocean_custom_logo_tablet_max_height":0,"ocean_custom_logo_mobile_max_height":0,"ocean_header_custom_menu":"0","ocean_menu_typo_font_family":"0","ocean_menu_typo_font_subset":"","ocean_menu_typo_font_size":0,"ocean_menu_typo_font_size_tablet":0,"ocean_menu_typo_font_size_mobile":0,"ocean_menu_typo_font_size_unit":"px","ocean_menu_typo_font_weight":"","ocean_menu_typo_font_weight_tablet":"","ocean_menu_typo_font_weight_mobile":"","ocean_menu_typo_transform":"","ocean_menu_typo_transform_tablet":"","ocean_menu_typo_transform_mobile":"","ocean_menu_typo_line_height":0,"ocean_menu_typo_line_height_tablet":0,"ocean_menu_typo_line_height_mobile":0,"ocean_menu_typo_line_height_unit":"","ocean_menu_typo_spacing":0,"ocean_menu_typo_spacing_tablet":0,"ocean_menu_typo_spacing_mobile":0,"ocean_menu_typo_spacing_unit":"","ocean_menu_link_color":"","ocean_menu_link_color_hover":"","ocean_menu_link_color_active":"","ocean_menu_link_background":"","ocean_menu_link_hover_background":"","ocean_menu_link_active_background":"","ocean_menu_social_links_bg":"","ocean_menu_social_hover_links_bg":"","ocean_menu_social_links_color":"","ocean_menu_social_hover_links_color":"","ocean_disable_title":"default","ocean_disable_heading":"default","ocean_post_title":"","ocean_post_subheading":"","ocean_post_title_style":"","ocean_post_title_background_color":"","ocean_post_title_background":0,"ocean_post_title_bg_image_position":"","ocean_post_title_bg_image_attachment":"","ocean_post_title_bg_image_repeat":"","ocean_post_title_bg_image_size":"","ocean_post_title_height":0,"ocean_post_title_bg_overlay":0.5,"ocean_post_title_bg_overlay_color":"","ocean_disable_breadcrumbs":"default","ocean_breadcrumbs_color":"","ocean_breadcrumbs_separator_color":"","ocean_breadcrumbs_links_color":"","ocean_breadcrumbs_links_hover_color":"","ocean_display_footer_widgets":"default","ocean_display_footer_bottom":"default","ocean_custom_footer_template":"0","jetpack_post_was_ever_published":false,"footnotes":""},"class_list":["post-823","page","type-page","status-publish","hentry","entry"],"jetpack_sharing_enabled":true,"jetpack_shortlink":"https:\/\/wp.me\/PaH1Em-dh","_links":{"self":[{"href":"https:\/\/www.saxo.pl\/index.php\/wp-json\/wp\/v2\/pages\/823"}],"collection":[{"href":"https:\/\/www.saxo.pl\/index.php\/wp-json\/wp\/v2\/pages"}],"about":[{"href":"https:\/\/www.saxo.pl\/index.php\/wp-json\/wp\/v2\/types\/page"}],"author":[{"embeddable":true,"href":"https:\/\/www.saxo.pl\/index.php\/wp-json\/wp\/v2\/users\/1"}],"replies":[{"embeddable":true,"href":"https:\/\/www.saxo.pl\/index.php\/wp-json\/wp\/v2\/comments?post=823"}],"version-history":[{"count":27,"href":"https:\/\/www.saxo.pl\/index.php\/wp-json\/wp\/v2\/pages\/823\/revisions"}],"predecessor-version":[{"id":1258,"href":"https:\/\/www.saxo.pl\/index.php\/wp-json\/wp\/v2\/pages\/823\/revisions\/1258"}],"wp:attachment":[{"href":"https:\/\/www.saxo.pl\/index.php\/wp-json\/wp\/v2\/media?parent=823"}],"curies":[{"name":"wp","href":"https:\/\/api.w.org\/{rel}","templated":true}]}}