{"id":396,"date":"2016-11-01T20:58:49","date_gmt":"2016-11-01T20:58:49","guid":{"rendered":"https:\/\/oceanwp.org\/store\/?page_id=396"},"modified":"2021-07-13T14:38:44","modified_gmt":"2021-07-13T12:38:44","slug":"home","status":"publish","type":"page","link":"https:\/\/www.saxo.pl\/","title":{"rendered":"Home"},"content":{"rendered":"<h2>PRZEPI\u0118KNE PIER\u015aCIONKI<\/h2>\n<h2>SZLACHETNE<br \/>\nZ\u0141OTO<\/h2>\n<p>Nasza oferta pier\u015bcionk\u00f3w to ca\u0142a gama tych najcenniejszych dla kobiet prezent\u00f3w.<br \/>Posiadamy w dystrybucji pier\u015bcionki zar\u0119czynowe, z diamentami a tak\u017ce obr\u0105czki.<\/p>\n<p>\t\t\t<a href=\"https:\/\/www.otozegarki.pl\/bizuteria-rodzaj\/pierscionki?filtr=10000,60\" role=\"button\"><br \/>\n\t\t\t\t\t\tKup teraz<br \/>\n\t\t\t\t\t<\/a><\/p>\n<h2>Historia firmy<\/h2>\n<h2>saxo<\/h2>\n<div class=\"oceanwp-oembed-wrap clr\">\n<blockquote class=\"wp-embedded-content\" data-secret=\"zeZTAtZjJa\"><p><a href=\"https:\/\/www.saxo.pl\/index.php\/o-nas\/\">O nas<\/a><\/p><\/blockquote>\n<p><iframe loading=\"lazy\" class=\"wp-embedded-content\" sandbox=\"allow-scripts\" security=\"restricted\" style=\"position: absolute; clip: rect(1px, 1px, 1px, 1px);\" title=\"&#8222;O nas&#8221; &#8212; Saxo.pl\" src=\"https:\/\/www.saxo.pl\/index.php\/o-nas\/embed\/#?secret=zeZTAtZjJa\" data-secret=\"zeZTAtZjJa\" width=\"600\" height=\"338\" frameborder=\"0\" marginwidth=\"0\" marginheight=\"0\" scrolling=\"no\"><\/iframe><\/div>\n<\/p>\n<h2>KILKA NASZYCH<\/h2>\n<h2>BESTSELLER\u00d3W<\/h2>\n<p>\t\t\t\t<a data-elementor-open-lightbox=\"yes\" data-elementor-lightbox-slideshow=\"9badff5\" data-elementor-lightbox-title=\"zegarek-casio-gbd-800-1er-g-shock-g-squad-gbd-800-7-4_top\" data-elementor-lightbox-description=\"https:\/\/www.otozegarki.pl\/zegarek-casio-gbd-800-7er-g-shock-g-squad-gbd-800-7\" href=\"https:\/\/www.saxo.pl\/wp-content\/uploads\/2019\/02\/zegarek-casio-gbd-800-1er-g-shock-g-squad-gbd-800-7-4_top.jpg\"><\/p>\n<figure><img decoding=\"async\" src=\"https:\/\/www.saxo.pl\/wp-content\/uploads\/2019\/02\/zegarek-casio-gbd-800-1er-g-shock-g-squad-gbd-800-7-4_top-300x300.jpg\" alt=\"ZEGAREK CASIO GBD-800-7ER G-SHOCK G-SQUAD GBD 800 7\" \/><\/figure>\n<p><\/a><a data-elementor-open-lightbox=\"yes\" data-elementor-lightbox-slideshow=\"9badff5\" data-elementor-lightbox-title=\"pr150-90l_top\" href=\"https:\/\/www.saxo.pl\/wp-content\/uploads\/2019\/02\/pr150-90l_top.jpg\"><\/p>\n<figure><img decoding=\"async\" src=\"https:\/\/www.saxo.pl\/wp-content\/uploads\/2019\/02\/pr150-90l_top-300x300.jpg\" alt=\"pr150-90l_top\" \/><\/figure>\n<p><\/a><a data-elementor-open-lightbox=\"yes\" data-elementor-lightbox-slideshow=\"9badff5\" data-elementor-lightbox-title=\"zegarek-damski-festina-f203792-swarovski-203792-1_top\" href=\"https:\/\/www.saxo.pl\/wp-content\/uploads\/2019\/02\/zegarek-damski-festina-f203792-swarovski-203792-1_top.jpg\"><\/p>\n<figure><img decoding=\"async\" src=\"https:\/\/www.saxo.pl\/wp-content\/uploads\/2019\/02\/zegarek-damski-festina-f203792-swarovski-203792-1_top-300x300.jpg\" alt=\"zegarek-damski-festina-f203792-swarovski-203792-1_top\" \/><\/figure>\n<p><\/a><a data-elementor-open-lightbox=\"yes\" data-elementor-lightbox-slideshow=\"9badff5\" data-elementor-lightbox-title=\"zegarek-casio-gst-w300g-1a9er-g-shock-gst-w300g-1a9er-2_top\" href=\"https:\/\/www.saxo.pl\/wp-content\/uploads\/2019\/02\/zegarek-casio-gst-w300g-1a9er-g-shock-gst-w300g-1a9er-2_top.jpg\"><\/p>\n<figure><img decoding=\"async\" src=\"https:\/\/www.saxo.pl\/wp-content\/uploads\/2019\/02\/zegarek-casio-gst-w300g-1a9er-g-shock-gst-w300g-1a9er-2_top-300x300.jpg\" alt=\"zegarek-casio-gst-w300g-1a9er-g-shock-gst-w300g-1a9er-2_top\" \/><\/figure>\n<p><\/a><a data-elementor-open-lightbox=\"yes\" data-elementor-lightbox-slideshow=\"9badff5\" data-elementor-lightbox-title=\"pierscionek-saxo-14k-z-czarnymi-brylantami-009ct-w-215-zloty-1_top\" href=\"https:\/\/www.saxo.pl\/wp-content\/uploads\/2019\/02\/pierscionek-saxo-14k-z-czarnymi-brylantami-009ct-w-215-zloty-1_top.jpg\"><\/p>\n<figure><img decoding=\"async\" src=\"https:\/\/www.saxo.pl\/wp-content\/uploads\/2019\/02\/pierscionek-saxo-14k-z-czarnymi-brylantami-009ct-w-215-zloty-1_top-300x300.jpg\" alt=\"pierscionek-saxo-14k-z-czarnymi-brylantami-009ct-w-215-zloty-1_top\" \/><\/figure>\n<p><\/a><a data-elementor-open-lightbox=\"yes\" data-elementor-lightbox-slideshow=\"9badff5\" data-elementor-lightbox-title=\"zegarek-damski-festina-f203801-swarovski-203801-1_top\" href=\"https:\/\/www.saxo.pl\/wp-content\/uploads\/2019\/02\/zegarek-damski-festina-f203801-swarovski-203801-1_top.jpg\"><\/p>\n<figure><img decoding=\"async\" src=\"https:\/\/www.saxo.pl\/wp-content\/uploads\/2019\/02\/zegarek-damski-festina-f203801-swarovski-203801-1_top-300x300.jpg\" alt=\"zegarek-damski-festina-f203801-swarovski-203801-1_top\" \/><\/figure>\n<p><\/a><a data-elementor-open-lightbox=\"yes\" data-elementor-lightbox-slideshow=\"9badff5\" data-elementor-lightbox-title=\"ph-phl-l-b-b-xl_top\" href=\"https:\/\/www.saxo.pl\/wp-content\/uploads\/2019\/02\/ph-phl-l-b-b-xl_top.jpg\"><\/p>\n<figure><img decoding=\"async\" src=\"https:\/\/www.saxo.pl\/wp-content\/uploads\/2019\/02\/ph-phl-l-b-b-xl_top-300x300.jpg\" alt=\"ph-phl-l-b-b-xl_top\" \/><\/figure>\n<p><\/a><a data-elementor-open-lightbox=\"yes\" data-elementor-lightbox-slideshow=\"9badff5\" data-elementor-lightbox-title=\"zegarki-cluse-la-garconne-cl60010-modne-zegarki-cluse-4_top\" href=\"https:\/\/www.saxo.pl\/wp-content\/uploads\/2019\/02\/zegarki-cluse-la-garconne-cl60010-modne-zegarki-cluse-4_top.jpg\"><\/p>\n<figure><img decoding=\"async\" src=\"https:\/\/www.saxo.pl\/wp-content\/uploads\/2019\/02\/zegarki-cluse-la-garconne-cl60010-modne-zegarki-cluse-4_top-300x300.jpg\" alt=\"zegarki-cluse-la-garconne-cl60010-modne-zegarki-cluse-4_top\" \/><\/figure>\n<p><\/a><a data-elementor-open-lightbox=\"yes\" data-elementor-lightbox-slideshow=\"9badff5\" data-elementor-lightbox-title=\"1782038_top\" href=\"https:\/\/www.saxo.pl\/wp-content\/uploads\/2019\/02\/1782038_top.jpg\"><\/p>\n<figure><img decoding=\"async\" src=\"https:\/\/www.saxo.pl\/wp-content\/uploads\/2019\/02\/1782038_top-300x300.jpg\" alt=\"1782038_top\" \/><\/figure>\n<p><\/a><a data-elementor-open-lightbox=\"yes\" data-elementor-lightbox-slideshow=\"9badff5\" data-elementor-lightbox-title=\"pierscionek-saxo-14k-z-czarnymi-brylantami-004ct-w-100-zloty-2_top\" href=\"https:\/\/www.saxo.pl\/wp-content\/uploads\/2019\/02\/pierscionek-saxo-14k-z-czarnymi-brylantami-004ct-w-100-zloty-2_top.jpg\"><\/p>\n<figure><img decoding=\"async\" src=\"https:\/\/www.saxo.pl\/wp-content\/uploads\/2019\/02\/pierscionek-saxo-14k-z-czarnymi-brylantami-004ct-w-100-zloty-2_top-300x300.jpg\" alt=\"pierscionek-saxo-14k-z-czarnymi-brylantami-004ct-w-100-zloty-2_top\" \/><\/figure>\n<p><\/a><a data-elementor-open-lightbox=\"yes\" data-elementor-lightbox-slideshow=\"9badff5\" data-elementor-lightbox-title=\"mk6641_top\" href=\"https:\/\/www.saxo.pl\/wp-content\/uploads\/2019\/02\/mk6641_top.jpg\"><\/p>\n<figure><img decoding=\"async\" src=\"https:\/\/www.saxo.pl\/wp-content\/uploads\/2019\/02\/mk6641_top-300x300.jpg\" alt=\"mk6641_top\" \/><\/figure>\n<p><\/a><a data-elementor-open-lightbox=\"yes\" data-elementor-lightbox-slideshow=\"9badff5\" data-elementor-lightbox-title=\"bizuteria-tommy-hilfiger-bransoleta-2700829-1_top\" href=\"https:\/\/www.saxo.pl\/wp-content\/uploads\/2019\/02\/bizuteria-tommy-hilfiger-bransoleta-2700829-1_top.jpg\"><\/p>\n<figure><img decoding=\"async\" src=\"https:\/\/www.saxo.pl\/wp-content\/uploads\/2019\/02\/bizuteria-tommy-hilfiger-bransoleta-2700829-1_top-300x300.jpg\" alt=\"bizuteria-tommy-hilfiger-bransoleta-2700829-1_top\" \/><\/figure>\n<p><\/a><a data-elementor-open-lightbox=\"yes\" data-elementor-lightbox-slideshow=\"9badff5\" data-elementor-lightbox-title=\"zegarki-cluse-minuit-la-perle-cl30059-modne-zegarki-cluse-1_top\" href=\"https:\/\/www.saxo.pl\/wp-content\/uploads\/2019\/02\/zegarki-cluse-minuit-la-perle-cl30059-modne-zegarki-cluse-1_top.jpg\"><\/p>\n<figure><img decoding=\"async\" src=\"https:\/\/www.saxo.pl\/wp-content\/uploads\/2019\/02\/zegarki-cluse-minuit-la-perle-cl30059-modne-zegarki-cluse-1_top-300x300.jpg\" alt=\"zegarki-cluse-minuit-la-perle-cl30059-modne-zegarki-cluse-1_top\" \/><\/figure>\n<p><\/a><a data-elementor-open-lightbox=\"yes\" data-elementor-lightbox-slideshow=\"9badff5\" data-elementor-lightbox-title=\"bizuteria-lotus-naszyjnik-ls1750-11-1_top\" href=\"https:\/\/www.saxo.pl\/wp-content\/uploads\/2019\/02\/bizuteria-lotus-naszyjnik-ls1750-11-1_top.jpg\"><\/p>\n<figure><img decoding=\"async\" src=\"https:\/\/www.saxo.pl\/wp-content\/uploads\/2019\/02\/bizuteria-lotus-naszyjnik-ls1750-11-1_top-300x300.jpg\" alt=\"bizuteria-lotus-naszyjnik-ls1750-11-1_top\" \/><\/figure>\n<p><\/a><a data-elementor-open-lightbox=\"yes\" data-elementor-lightbox-slideshow=\"9badff5\" data-elementor-lightbox-title=\"1782032_top\" href=\"https:\/\/www.saxo.pl\/wp-content\/uploads\/2019\/02\/1782032_top.jpg\"><\/p>\n<figure><img decoding=\"async\" src=\"https:\/\/www.saxo.pl\/wp-content\/uploads\/2019\/02\/1782032_top-300x300.jpg\" alt=\"1782032_top\" \/><\/figure>\n<p><\/a><a data-elementor-open-lightbox=\"yes\" data-elementor-lightbox-slideshow=\"9badff5\" data-elementor-lightbox-title=\"mk3898-zegarek-damski-michael-kors-mk3898-pyper-2_top\" href=\"https:\/\/www.saxo.pl\/wp-content\/uploads\/2019\/02\/mk3898-zegarek-damski-michael-kors-mk3898-pyper-2_top.jpg\"><\/p>\n<figure><img decoding=\"async\" src=\"https:\/\/www.saxo.pl\/wp-content\/uploads\/2019\/02\/mk3898-zegarek-damski-michael-kors-mk3898-pyper-2_top-300x300.jpg\" alt=\"mk3898-zegarek-damski-michael-kors-mk3898-pyper-2_top\" \/><\/figure>\n<p><\/a><a data-elementor-open-lightbox=\"yes\" data-elementor-lightbox-slideshow=\"9badff5\" data-elementor-lightbox-title=\"27801311_top\" href=\"https:\/\/www.saxo.pl\/wp-content\/uploads\/2019\/02\/27801311_top.jpg\"><\/p>\n<figure><img decoding=\"async\" src=\"https:\/\/www.saxo.pl\/wp-content\/uploads\/2019\/02\/27801311_top-300x300.jpg\" alt=\"27801311_top\" \/><\/figure>\n<p><\/a><a data-elementor-open-lightbox=\"yes\" data-elementor-lightbox-slideshow=\"9badff5\" data-elementor-lightbox-title=\"16893-b-big_top\" href=\"https:\/\/www.saxo.pl\/wp-content\/uploads\/2019\/02\/16893-b-big_top.jpg\"><\/p>\n<figure><img decoding=\"async\" src=\"https:\/\/www.saxo.pl\/wp-content\/uploads\/2019\/02\/16893-b-big_top-300x300.jpg\" alt=\"16893-b-big_top\" \/><\/figure>\n<p><\/a><br \/>\n\t\t\t\t\t\tPoprzednie<br \/>\n\t\t\t\t\t\tNast\u0119pne<\/p>\n<h2>Damskie<\/h2>\n<h2>KOLCZYKI<\/h2>\n<h2>Od 35 Z\u0141<\/h2>\n<p>\t\t\t<a href=\"https:\/\/www.otozegarki.pl\/bizuteria?filtr=1,2_16,175&#038;sort=price-asc\" role=\"button\"><br \/>\n\t\t\t\t\t\tKUP TERAZ<br \/>\n\t\t\t\t\t<\/a><\/p>\n<h2>\u0141a\u0144cuszki<\/h2>\n<h2>ZE Z\u0141OTA<\/h2>\n<h2>Od 365 Z\u0141<\/h2>\n<p>\t\t\t<a href=\"https:\/\/www.otozegarki.pl\/szukaj?szukaj=tak&#038;fraza=%C5%82a%C5%84cuszek+saxo\" role=\"button\"><br \/>\n\t\t\t\t\t\tKUP TERAZ<br \/>\n\t\t\t\t\t<\/a><\/p>\n<h2>Pier\u015bcionki<\/h2>\n<h2>Z DIAMENTAMI<\/h2>\n<h2>Od 760 Z\u0141<\/h2>\n<p>\t\t\t<a href=\"https:\/\/www.otozegarki.pl\/bizuteria\/saxo?filtr=1,2_16,289_10000,60\" role=\"button\"><br \/>\n\t\t\t\t\t\tKUP TERAZ<br \/>\n\t\t\t\t\t<\/a><\/p>\n<h2>HISZPA\u0143SKI TEMPERAMENT PRODUKOWANY 100 LAT<\/h2>\n<h2>NORICA<br \/>\nNADCHODZI<\/h2>\n<p>Wiatr\u00f3wki zadziwiaj\u0105ce osi\u0105gami i niezawodno\u015bci\u0105. Produkowane od 1918 roku w hiszpa\u0144skim Eibar uchodz\u0105 za najlepsze w swojej klasie. Europejska produkcja w przyzwoitej cenie.<\/p>\n<p>\t\t\t<a href=\"http:\/\/www.norica.pl\/\" role=\"button\"><br \/>\n\t\t\t\t\t\tZOBACZ<br \/>\n\t\t\t\t\t<\/a><\/p>\n<h2>ZAPISZ SI\u0118<\/h2>\n<h2>DO NEWSLETTERA<\/h2>\n<p>Dodaj sw\u00f3j adres do naszej aby aby by\u0107 na bie\u017c\u0105co z naszymi nowo\u015bciami. Wysy\u0142amy te\u017c informacja o r\u00f3\u017cnych akcjach, kt\u00f3re organizujemy, kody rabatowe, a tak\u017ce o promocjach dlatego wato aby\u015b wiedzia\u0142 o tym pierwszy.<\/p>\n\t\t\t<link rel=\"stylesheet\" property=\"stylesheet\" href=\"https:\/\/www.saxo.pl\/wp-content\/plugins\/happyforms\/bundles\/css\/frontend.css\" \/>\n\t\t\t\t<!-- HappyForms CSS variables -->\n\t<style>\n\t#happyforms-905 {\n\t\t--happyforms-part-title-font-size: 14px;\n--happyforms-part-description-font-size: 14px;\n--happyforms-part-value-font-size: 16px;\n--happyforms-submit-button-font-size: 18px;\n--happyforms-color-primary: #000000;\n--happyforms-color-success-notice: #ebf9f0;\n--happyforms-color-success-notice-text: #1eb452;\n--happyforms-color-error: #ff7550;\n--happyforms-color-error-notice: #ffeeea;\n--happyforms-color-error-notice-text: #f23000;\n--happyforms-color-part-title: #000000;\n--happyforms-color-part-value: #000000;\n--happyforms-color-part-placeholder: #888888;\n--happyforms-color-part-description: #454545;\n--happyforms-color-part-border: #dbdbdb;\n--happyforms-color-part-border-focus: #407fff;\n--happyforms-color-part-background: #ffffff;\n--happyforms-color-part-background-focus: #ffffff;\n--happyforms-color-submit-background: #407fff;\n--happyforms-color-submit-background-hover: #3567cc;\n--happyforms-color-submit-border: transparent;\n--happyforms-color-submit-text: #ffffff;\n--happyforms-color-submit-text-hover: #ffffff;\n--happyforms-color-table-row-odd: #fcfcfc;\n--happyforms-color-table-row-even: #efefef;\n--happyforms-color-table-row-odd-text: #000000;\n--happyforms-color-table-row-even-text: #000000;\n--happyforms-color-dropdown-item-bg: #ffffff;\n--happyforms-color-dropdown-item-text: #000000;\n--happyforms-color-dropdown-item-bg-hover: #dbdbdb;\n--happyforms-color-dropdown-item-text-hover: #000000;\n--happyforms-color-divider-hr: #cccccc;\n--happyforms-color-choice-checkmark-bg: #ffffff;\n--happyforms-color-choice-checkmark-bg-focus: #000000;\n--happyforms-color-choice-checkmark-color: #ffffff;\n\t}\n\t<\/style>\n\t<!-- End of HappyForms CSS variables -->\n\t\t<!-- HappyForms Additional CSS -->\n\t<style data-happyforms-additional-css>\n\t\t<\/style>\n\t<!-- End of HappyForms Additional CSS -->\n\t\t\t<link rel=\"stylesheet\" type=\"text\/css\" href=\"https:\/\/www.saxo.pl\/wp-content\/plugins\/happyforms\/core\/assets\/css\/no-interaction.css\">\n\t\t<div class=\"happyforms-form happyforms-styles 0 happyforms-form--part-outer-padding-narrow happyforms-form--part-inner-padding-narrow happyforms-form--submit-button-padding-narrow happyforms-form--submit-button-normal happyforms-form--submit-button-align-right\" id=\"happyforms-905\">\n\t\t\n\t<form action=\"\" id=\"happyforms-form-905\" method=\"post\" novalidate=\"true\" autocomplete=\"off\">\n\t\t\t\t<input type=\"hidden\" name=\"happyforms_random_seed\" value=\"4096129975\" \/>\n\t\t\n\t\t\t<input type=\"hidden\" name=\"action\" value=\"happyforms_message\">\n\t\t\t\t<input type=\"hidden\" name=\"client_referer\" value=\"\">\n\t\t\t\t<input type=\"hidden\" name=\"current_post_id\" value=\"\">\n\t\t\t\t<input type=\"hidden\" name=\"happyforms_form_id\" value=\"905\" \/>\n\t\t\t\t<input type=\"hidden\" name=\"happyforms_step\" value=\"0\" \/>\n\t\n\t\t<div class=\"happyforms-flex\">\n\t\t\t\t<label for=\"905-number\" class=\"screen-reader-text\">Leave this field blank<\/label>\n\t<input type=\"text\" id=\"905-number\" name=\"905-number\" style=\"display: none;\" tabindex=\"-1\" autocomplete=\"off\" aria-hidden=\"true\">\n\t\t\t\t\t\t\t\t\t\t<div class=\"happyforms-part--with-autocomplete happyforms-form__part happyforms-part happyforms-part--email happyforms-part--width-full happyforms-part--label-above\" id=\"happyforms-905_email_1-part\" data-happyforms-type=\"email\" data-happyforms-id=\"email_1\" data-happyforms-required=\"\">\n\t\t<div class=\"happyforms-part-wrap\">\n\t\t\t\t\t\t<div class=\"happyforms-part__label-container\">\n\t\t\t\t<label for=\"happyforms-905_email_1\" class=\"happyforms-part__label\">\n\t\t\t<span class=\"label\">Email<\/span>\n\t\t\t\t\t\t\t\t\t\t<span class=\"happyforms-required\"><\/span>\n\t\t\t\t\t\t\t\t\t\t<span class=\"happyforms-optional\">(optional)<\/span>\n\t\t\t\t\t<\/label>\n\t\t\t<\/div>\n\t\t\t\n\t\t\n\t\t<div class=\"happyforms-part__el\">\n\t\t\t\n\t\t\t\n\t\t\t<div class=\"happyforms-input\">\n\t\t\t\t<input type=\"email\" name=\"905_email_1\" id=\"happyforms-905_email_1\" value=\"\" placeholder=\"\" autocomplete=\"off\" spellcheck=\"false\"  autocorrect=\"off\" \/>\n\t\t\t\t\t\t\t<\/div>\n\n\t\t\t\n\t\t\t\n\t\t\t\t\t<\/div>\n\t<\/div>\n<\/div>\n<div class=\"happyforms-form__part happyforms-part happyforms-part--single_line_text happyforms-part--width-full happyforms-part--label-above\" id=\"happyforms-905_single_line_text_2-part\" data-happyforms-type=\"single_line_text\" data-happyforms-id=\"single_line_text_2\" data-happyforms-required=\"\">\n\t<div class=\"happyforms-part-wrap\">\n\t\t\n\t\t\t\t\t\t<div class=\"happyforms-part__label-container\">\n\t\t\t\t<label for=\"happyforms-905_single_line_text_2\" class=\"happyforms-part__label\">\n\t\t\t<span class=\"label\">Imi\u0119 i nazwisko<\/span>\n\t\t\t\t\t\t\t\t\t\t<span class=\"happyforms-required\"><\/span>\n\t\t\t\t\t\t\t\t\t\t<span class=\"happyforms-optional\">(optional)<\/span>\n\t\t\t\t\t<\/label>\n\t\t\t<\/div>\n\t\t\t\n\t\t\n\t\t<div class=\"happyforms-part__el\">\n\t\t\t\n\t\t\t\n\t\t\t<div class=\"happyforms-input\">\n\t\t\t\t\n\t\t\t\t<input id=\"happyforms-905_single_line_text_2\" type=\"text\" name=\"905_single_line_text_2\" value=\"\" placeholder=\"\" autocomplete=\"off\" spellcheck=\"false\"  autocorrect=\"off\" \/>\n\t\t\t\t\t\t\t<\/div>\n\n\t\t\t\n\t\t\t\n\t\t\t\t\t<\/div>\n\t<\/div>\n<\/div>\n\t\t\t\t\t\t<div class=\"happyforms-form__part happyforms-part happyforms-part--submit\">\n\t\t<button type=\"submit\" class=\"happyforms-submit happyforms-button--submit \">Wy\u015blij<\/button>\n\t<\/div>\t\t<\/div>\n\n\t\t\t<\/form>\n\n\t<\/div>\n\n<h2>INNE NASZE<\/h2>\n<h2>PRODUKTY<\/h2>\n<h2>Szwajcarskie scyzoryki<\/h2>\n<h2>VICTORINOX<\/h2>\n<h2>Od 51 Z\u0141<\/h2>\n<p>\t\t\t<a href=\"https:\/\/www.zbrojownia.pl\/producent\/victorinox\" role=\"button\"><br \/>\n\t\t\t\t\t\tkUP tERAZ<br \/>\n\t\t\t\t\t<\/a><\/p>\n<h2>Najlepsze<\/h2>\n<h2>ZIPPO<\/h2>\n<h2>Od 77 Z\u0141<\/h2>\n<p>\t\t\t<a href=\"https:\/\/www.zbrojownia.pl\/producent\/zippo\" role=\"button\"><br \/>\n\t\t\t\t\t\tKUP TERAZ<br \/>\n\t\t\t\t\t<\/a><\/p>\n<h2>Smartwatche<\/h2>\n<h2>Z GPS<\/h2>\n<h2>Od 99 Z\u0141<\/h2>\n<p>\t\t\t<a href=\"https:\/\/www.otozegarki.pl\/smartwatche-rodzaj\/smartwatche-z-lcd?&#038;sort=price-asc\" role=\"button\"><br \/>\n\t\t\t\t\t\tKup teraz<br \/>\n\t\t\t\t\t<\/a><\/p>\n<h3>\n\t\t\t\t\tGWARANCJA ORYGINALNO\u015aCI<br \/>\n\t\t\t\t<\/h3>\n<p>Nasze produkty pochodz\u0105 tylko i wy\u0142\u0105cznie z najlepszych \u017ar\u00f3de\u0142 i wszystkie produkty s\u0105 w 100% oryginalne. Mo\u017cemy sobie pozwoli\u0107 na atrakcyjne ceny  gdy\u017c wsp\u00f3\u0142pracujemy bezpo\u015brednio z importerem albo dystrybutorem.<\/p>\n<h3>\n\t\t\t\t\tGWARANCJA DOSTAWY<br \/>\n\t\t\t\t<\/h3>\n<p>Produkty wysy\u0142amy wsp\u00f3\u0142pracuj\u0105c tylko z zaufanymi firmami kurierskimi, dzi\u0119ki temu nasza paczka dociera do odbiorcy ju\u017c nast\u0119pnego dnia po nadaniu. Ka\u017cda przesy\u0142ka jest przez nas ubezpieczona w razie jej zagubienia.<\/p>\n<h3>\n\t\t\t\t\tOBS\u0141UGA KLIENTA<br \/>\n\t\t\t\t<\/h3>\n<p>Jeste\u015bmy \u015bwiadomi, \u017ce kontakt z naszymi klientami musi by\u0107 jak najlepszy i jak najprzyjemniejszy. Dlatego mo\u017cna z nami skontaktowa\u0107 si\u0119 na wiele sposob\u00f3w: telefonicznie, mailem, przy pomocy chata lub messengera.<\/p>\n<p>\t\t\t<iframe frameborder=\"0\" scrolling=\"no\" marginheight=\"0\" marginwidth=\"0\" src=\"https:\/\/maps.google.com\/maps?q=zbrojownia%20gliwice&amp;t=m&amp;z=12&amp;output=embed&amp;iwloc=near\" title=\"%3$s\" aria-label=\"%3$s\"><\/iframe><br \/>\n\t\t\t\t\t\t\t\t\t<a href=\"\">Militaria i survival<\/a><br \/>\n\t\t\t\t\t\t\t\t\t<a href=\"\">Bi\u017cuteria i zegarki<\/a><br \/>\n\t\t\t\t\t\t\t\t\t<a href=\"\">Wiatr\u00f3wki Norica<\/a><br \/>\n\t\t\t\t\t\t\t\t\tMilitaria i survival<\/p>\n<p><strong>Telefon:<\/strong><br \/>32 445 74 07<br \/>Pn &#8211; Pt od 9:00 do 16:00<\/p>\n<p><strong>Email:<\/strong><br \/>sklep@zbrojownia.pl<\/p>\n<p><strong>Strona:<\/strong><br \/><a href=\"https:\/\/www.zbrojownia.pl\/\">www.zbrojownia.pl<\/a><\/p>\n<p>\t\t\t\t\t\t\t\t\tBi\u017cuteria i zegarki<\/p>\n<p><strong>Telefon:<\/strong><br \/>32 72 99 500<br \/>Pn &#8211; Pt od 9:00 do 20:00<\/p>\n<p><strong>Email:<\/strong><br \/>sklep@otozegarki.pl<\/p>\n<p><strong>Strona:<\/strong><br \/><a href=\"https:\/\/www.otozegarki.pl\/\">www.otozegarki.pl<\/a><\/p>\n<p>\t\t\t\t\t\t\t\t\tWiatr\u00f3wki Norica<\/p>\n<p><strong>Telefon:<\/strong><br \/>sklep: +48 537 747 579<br \/>hurt: +48 791 901 858<br \/>Pn &#8211; Pt od 9:00 do 16:00<\/p>\n<p><strong>Email:<\/strong><br \/>sklep@norica.pl<br \/>hurt@norica.pl<\/p>\n<p><strong>Strona:<\/strong><br \/><a href=\"https:\/\/www.norica.pl\/\">www.norica.pl<\/a><\/p>\n","protected":false},"excerpt":{"rendered":"<p>PRZEPI\u0118KNE PIER\u015aCIONKI SZLACHETNE Z\u0141OTO Nasza oferta pier\u015bcionk\u00f3w to ca\u0142a gama tych najcenniejszych dla kobiet prezent\u00f3w.Posiadamy w dystrybucji pier\u015bcionki zar\u0119czynowe, z diamentami a tak\u017ce obr\u0105czki. Kup teraz Historia firmy saxo O nas KILKA NASZYCH BESTSELLER\u00d3W Poprzednie Nast\u0119pne Damskie KOLCZYKI Od 35 Z\u0141 KUP TERAZ \u0141a\u0144cuszki ZE Z\u0141OTA Od 365 Z\u0141 KUP TERAZ Pier\u015bcionki Z DIAMENTAMI Od [&hellip;]<\/p>\n","protected":false},"author":1,"featured_media":0,"parent":0,"menu_order":0,"comment_status":"closed","ping_status":"closed","template":"","meta":{"advanced_seo_description":"","jetpack_seo_html_title":"","jetpack_seo_noindex":false,"ocean_post_layout":"full-screen","ocean_both_sidebars_style":"","ocean_both_sidebars_content_width":0,"ocean_both_sidebars_sidebars_width":0,"ocean_sidebar":"0","ocean_second_sidebar":"0","ocean_disable_margins":"on","ocean_add_body_class":"","ocean_shortcode_before_top_bar":"","ocean_shortcode_after_top_bar":"","ocean_shortcode_before_header":"","ocean_shortcode_after_header":"","ocean_has_shortcode":"","ocean_shortcode_after_title":"","ocean_shortcode_before_footer_widgets":"","ocean_shortcode_after_footer_widgets":"","ocean_shortcode_before_footer_bottom":"","ocean_shortcode_after_footer_bottom":"","ocean_display_top_bar":"default","ocean_display_header":"default","ocean_header_style":"","ocean_center_header_left_menu":"0","ocean_custom_header_template":"0","ocean_custom_logo":0,"ocean_custom_retina_logo":0,"ocean_custom_logo_max_width":0,"ocean_custom_logo_tablet_max_width":0,"ocean_custom_logo_mobile_max_width":0,"ocean_custom_logo_max_height":0,"ocean_custom_logo_tablet_max_height":0,"ocean_custom_logo_mobile_max_height":0,"ocean_header_custom_menu":"0","ocean_menu_typo_font_family":"0","ocean_menu_typo_font_subset":"","ocean_menu_typo_font_size":0,"ocean_menu_typo_font_size_tablet":0,"ocean_menu_typo_font_size_mobile":0,"ocean_menu_typo_font_size_unit":"px","ocean_menu_typo_font_weight":"","ocean_menu_typo_font_weight_tablet":"","ocean_menu_typo_font_weight_mobile":"","ocean_menu_typo_transform":"","ocean_menu_typo_transform_tablet":"","ocean_menu_typo_transform_mobile":"","ocean_menu_typo_line_height":0,"ocean_menu_typo_line_height_tablet":0,"ocean_menu_typo_line_height_mobile":0,"ocean_menu_typo_line_height_unit":"","ocean_menu_typo_spacing":0,"ocean_menu_typo_spacing_tablet":0,"ocean_menu_typo_spacing_mobile":0,"ocean_menu_typo_spacing_unit":"","ocean_menu_link_color":"","ocean_menu_link_color_hover":"","ocean_menu_link_color_active":"","ocean_menu_link_background":"","ocean_menu_link_hover_background":"","ocean_menu_link_active_background":"","ocean_menu_social_links_bg":"","ocean_menu_social_hover_links_bg":"","ocean_menu_social_links_color":"","ocean_menu_social_hover_links_color":"","ocean_disable_title":"on","ocean_disable_heading":"default","ocean_post_title":"","ocean_post_subheading":"","ocean_post_title_style":"","ocean_post_title_background_color":"","ocean_post_title_background":0,"ocean_post_title_bg_image_position":"","ocean_post_title_bg_image_attachment":"","ocean_post_title_bg_image_repeat":"","ocean_post_title_bg_image_size":"","ocean_post_title_height":0,"ocean_post_title_bg_overlay":0.5,"ocean_post_title_bg_overlay_color":"","ocean_disable_breadcrumbs":"default","ocean_breadcrumbs_color":"","ocean_breadcrumbs_separator_color":"","ocean_breadcrumbs_links_color":"","ocean_breadcrumbs_links_hover_color":"","ocean_display_footer_widgets":"default","ocean_display_footer_bottom":"default","ocean_custom_footer_template":"0","jetpack_post_was_ever_published":false,"footnotes":""},"class_list":["post-396","page","type-page","status-publish","hentry","entry"],"jetpack_sharing_enabled":true,"jetpack_shortlink":"https:\/\/wp.me\/PaH1Em-6o","_links":{"self":[{"href":"https:\/\/www.saxo.pl\/index.php\/wp-json\/wp\/v2\/pages\/396"}],"collection":[{"href":"https:\/\/www.saxo.pl\/index.php\/wp-json\/wp\/v2\/pages"}],"about":[{"href":"https:\/\/www.saxo.pl\/index.php\/wp-json\/wp\/v2\/types\/page"}],"author":[{"embeddable":true,"href":"https:\/\/www.saxo.pl\/index.php\/wp-json\/wp\/v2\/users\/1"}],"replies":[{"embeddable":true,"href":"https:\/\/www.saxo.pl\/index.php\/wp-json\/wp\/v2\/comments?post=396"}],"version-history":[{"count":90,"href":"https:\/\/www.saxo.pl\/index.php\/wp-json\/wp\/v2\/pages\/396\/revisions"}],"predecessor-version":[{"id":1288,"href":"https:\/\/www.saxo.pl\/index.php\/wp-json\/wp\/v2\/pages\/396\/revisions\/1288"}],"wp:attachment":[{"href":"https:\/\/www.saxo.pl\/index.php\/wp-json\/wp\/v2\/media?parent=396"}],"curies":[{"name":"wp","href":"https:\/\/api.w.org\/{rel}","templated":true}]}}